 -j - 5*u = -303, 2*j - u + 5*u = d. List the prime factors of j.
293
Suppose 0 = 21*w + 4*w - 1550. Suppose s - 27 - w = 0. What are the prime factors of s?
89
Let w(f) = 3*f**2 - 81*f + 318. List the prime factors of w(-28).
2, 3, 823
Let z(n) = -22*n - 29. Let o = -24 + 57. Suppose 3*w - 21 = 3*d - 2*w, 3*d + o = w. What are the prime factors of z(d)?
5, 47
List the prime factors of 74*(-7)/(-3)*14382/119.
2, 3, 37, 47
Suppose 0 = -17*i - t + 3109, i - 88 - 103 = 4*t. What are the prime factors of i?
3, 61
Suppose k + 888 = -3*y, -3*y + 7*y = 4*k - 1168. What are the prime factors of -6 - (y + 10/2)?
2, 71
Let i(w) = w**3 - 18*w**2 + 329*w - 26. List the prime factors of i(36).
2, 17573
Let a = 773 - 1217. Let d = -330 - a. List the prime factors of d.
2, 3, 19
Suppose 0 = 3*q - 5*w - 15846, -3*q + 36*w - 34*w = -15864. What are the prime factors of q?
2, 3, 7
Let y(k) = -5*k - 83. Let j be y(-17). What are the prime factors of 15/(-15) - (j + -844)?
29
Suppose -11*w = -15*w + 4*r + 13296, -3*r = -4*w + 13291. List the prime factors of w.
3319
Suppose -u - 870551 - 580726 = -20*u. What are the prime factors of u?
3, 23, 41
Let m(r) be the first derivative of -4*r**3/3 + 2*r**2 - 13*r + 43. Let y be m(6). Let o = -73 - y. List the prime factors of o.
2, 3, 5
What are the prime factors of 5586/(-7 - -10) + -1*1?
1861
Let y(f) = -4397*f - 840. List the prime factors of y(-10).
2, 5, 19, 227
Let x = -60885 - -90154. What are the prime factors of x?
29269
Let m(q) = q - 10. Let a be m(4). Let t = a + 9. Suppose -t*b + 76 + 203 = 0. List the prime factors of b.
3, 31
Let o = 442 - 445. Let p(r) = 2*r**2 - 2*r - 2. Let n be p(-5). What are the prime factors of (n - o)/((-6)/(-2) + -2)?
61
Suppose -5*i = 4*d - 3 - 2, i = 2*d + 15. Suppose -5*n = -m + 667, 3*m - 1389 = -i*n + 612. What are the prime factors of m?
23, 29
Let g = -59 - -62. Suppose 4*v - 17 = g*k, 2*v + 0*v - k - 7 = 0. Suppose 2*n = 4*s + 486, 1191 = -v*n + 7*n - 2*s. What are the prime factors of n?
3, 79
Suppose 89 = -4*l + 433. Let q = -80 - -22. Let c = q + l. List the prime factors of c.
2, 7
Let n = -464 - -1292. Suppose 2*q = q + n. Suppose a = -3*a + 2*p + q, -a - 5*p = -196. What are the prime factors of a?
2, 103
Let p = -11389 - -12779. List the prime factors of p.
2, 5, 139
Let m(o) = -6*o + 1272 + 0*o**2 - 1285 + 2*o**2. Let c be m(7). Suppose -d + c = -46. What are the prime factors of d?
89
Let d be (-4)/(-38) - 0 - 40863/(-57). Suppose -1343 = -4*f + d. What are the prime factors of f?
5, 103
Let c(v) = v**3 + 41*v**2 - 32*v + 48. List the prime factors of c(-36).
2, 3, 5
Let b = 10216 - 3755. List the prime factors of b.
7, 13, 71
Let l(j) = j**2 - 6*j - 86. Let v be l(13). Suppose v*c = -5*q + 2845, 2*c = -3*c + 2*q + 2873. What are the prime factors of c?
3, 191
Let f be (168/15)/(13/(-5) - -3). Let v(r) = r**3 - 28*r**2 + 25*r - 78. What are the prime factors of v(f)?
2, 311
What are the prime factors of (-5 + 1 + -122 - -2)*-37?
2, 31, 37
Suppose 32016 - 187169 = -18*d + 76021. What are the prime factors of d?
3, 1427
Let k(z) = z**2 - 7*z. Let n be k(6). Let w be ((-26)/n)/(-1) + 2/(-3). Let j(v) = -v**3 - 5*v**2 + 5. What are the prime factors of j(w)?
5
Let h(b) = 5*b**2 + b + 54. Let o be h(0). Suppose -n + 5*j + 149 = o, 4*n - 399 = j. List the prime factors of n.
2, 5
Let y = 2984 - -2097. List the prime factors of y.
5081
Let m be 0*((-15)/(-20))/3*1. Suppose -3*u + 16 = s - 220, m = 3*u - s - 226. What are the prime factors of u?
7, 11
Let f(y) = -y**2 + 3*y + 4. Let p be f(4). Suppose 9*k + 0*k - 2115 = p. List the prime factors of k/10 - (-3)/(-2).
2, 11
Suppose 2*y - 67394 = -5*t, 18*t - 2*y = 19*t - 13490. What are the prime factors of t?
2, 3, 1123
Let j(v) = 47*v**2 - 57*v - 400. What are the prime factors of j(-11)?
2, 2957
Let j(v) = -v**2 + 21*v + 3. Let x be j(21). Suppose 5*s + 309 + 31 = 0. List the prime factors of ((-153)/s)/(x/28).
3, 7
Let z = -654 - -739. Let a = 11 + -39. Let r = a + z. List the prime factors of r.
3, 19
Let h(v) = 6*v**3 + 2*v**2 + 3*v. Let w(o) = o**3 + o**2 + o. Let b(y) = -h(y) + 5*w(y). Suppose 360 - 399 = 13*q. List the prime factors of b(q).
2, 3
Suppose x + 145 = -183. Let u = -197 - x. What are the prime factors of u?
131
Let h(k) = 2*k**2 - 14*k + 26. Let o be h(5). List the prime factors of (8/o)/(16/216).
2, 3
Let v be (102/8)/(2/(-8)). Let q = 53 + v. Suppose -k - 16 = -z - 2*k, 5*z = -q*k + 68. What are the prime factors of z?
2, 3
Let o be (240/(-1))/((-9)/30). Let g be (27/(1053/7124))/(2/6). Let j = o - g. List the prime factors of j.
2, 3, 7
Let t(h) = h**2 - 4*h + 6. Let v be t(2). Let y(c) = c + 3. Let x be y(v). Suppose 198 = 8*i - x*i. List the prime factors of i.
2, 3, 11
Suppose -5*z + 269 = 3*v, -3*v + 8 + 1 = 0. Suppose -748 = -d + z. What are the prime factors of d?
2, 5
Let h(z) = 53*z**2 + 3*z - 16. Let t be -2 + (-120)/(-54) - 204/(-54). What are the prime factors of h(t)?
2, 211
Let z = -20525 - -23857. List the prime factors of z.
2, 7, 17
Let h(k) = 2*k**2 - 2*k + 2. Let l = 16 - 9. Suppose -4*n - 4*f - l + 27 = 0, 65 = 5*n - 3*f. List the prime factors of h(n).
2, 7, 13
Let h(i) = 2*i**3 - 3*i**2 - 3*i + 6. Let y be h(2). Suppose -x - 3*z + 5 = -2*z, 4*z - 14 = -x. List the prime factors of 83 + (x - (-2 + y)).
83
Suppose -3 = 3*m - o, -4*m - 2*o = -2*m - 6. Suppose -3*a - 15 = m, -4*v - 2*a + 2391 = -5*a. List the prime factors of v.
2, 3, 11
Let j = -28 + 56. Suppose 5*k - 4*k + j = 0. Let z = k - -48. List the prime factors of z.
2, 5
Suppose 2*z + 2*p = 4*p + 8236, 2*z + 4*p = 8242. List the prime factors of z.
3, 1373
Let f(d) = -702*d - 6135. What are the prime factors of f(-13)?
3, 997
Suppose -792 = -3*o + 408. Let c = 616 - o. Suppose -t - c = -5*t. List the prime factors of t.
2, 3
Suppose -118*q = -123*q - 3*z + 54307, -3*z = -3*q + 32613. What are the prime factors of q?
5, 41, 53
Let p(x) be the third derivative of x**6/40 - x**5/60 - 3*x**4/4 + 10*x**3 + 10*x**2 - 1. What are the prime factors of p(4)?
2, 41
Suppose -200867 - 179095 = -38*y. List the prime factors of y.
3, 11, 101
Suppose 2*v - l - 340 = 0, 4*l - 7*l = 4*v - 680. Let a = -19 + v. What are the prime factors of a?
151
Let z = 15 - 13. Suppose z*y - 10 - 8 = 0. Suppose -y*x + 504 = -x. What are the prime factors of x?
3, 7
Suppose -5*r = 5*h - 102620, -7*r + 9*r = -3*h + 41050. List the prime factors of r.
2, 31, 331
Suppose -13*u - 4298 - 1045 = 0. Let l = u - -788. List the prime factors of l.
13, 29
Let j(p) = 56576*p - 1014. List the prime factors of j(1).
2, 13, 2137
Let m = 192 - 190. Suppose 0 = a + m*l - 299, 5*a - 1267 = 2*l + 276. What are the prime factors of a?
307
Let i = 35 - 42. Let f be 5/2 + i/14. Suppose -11*w + f*w = -1098. What are the prime factors of w?
2, 61
Let y = 42 + -3. Suppose -c + 444 = 2*z, 2*c - 2*z = 615 + 303. Suppose 41*v - c = y*v. List the prime factors of v.
227
Suppose -2*h = 4*s - 44022, -5*h = 60 - 35. What are the prime factors of s?
2, 43
Let u(j) = -j**3 + 3*j**2 - 8*j - 14. Let o be u(-4). Let n = -96 + o. List the prime factors of n.
2, 17
Let j(s) = -s**3 + 36*s**2 - 12*s + 74. List the prime factors of j(18).
2, 5, 569
Suppose -4*j + 1139 + 873 = 0. Let w = 888 - j. List the prime factors of w.
5, 7, 11
Suppose -6538 = -2*g + 2*i, -3*i + 3269 = 12*g - 11*g. List the prime factors of g.
7, 467
Let i(d) = 61*d - 40. Let t be i(11). Suppose 4*l + 3*q = 845, 4*l + 5*q = l + t. Suppose 3*y + l = 536. List the prime factors of y.
2, 3
Suppose -4*r = -5*v - 0*v + 6, -3*r - 4 = -4*v. Let a be (-6)/(-2 + -2 - v). Suppose 2*z + a*z = 140. List the prime factors of z.
2, 7
Let u(k) = -k**3 - 5*k**2 - 6*k - 9. Let g be u(-4). Let z(a) = 566*a**3 + 2*a**2 + 2*a + 1. Let o be z(g). What are the prime factors of -8*(1 + o/20)?
2, 109
Let i be (-7770)/15 + 3 + (-2 - 0). Let p = i + 763. What are the prime factors of p?
2, 3, 41
Let r(u) = 196*u**2 - 61*u - 7. What are the prime factors of r(-8)?
5, 521
Suppose 2*t = -j + 48801, 0 = -7*j - 4*t + 32325 + 309362. List the prime factors of j.
48817
Let i = 76695 - 42697. List the prime factors of i.
2, 89, 191
Suppose 1366*v = 1364*v + 3*z + 14564, v = -4*z + 7260. List the prime factors of v.
2, 17, 107
Suppose -h + 3 + 2 = -2